e the prime factors of 244405860?
2, 3, 5, 31, 101, 1301
What are the prime factors of 60814187?
7, 103, 84347
List the prime factors of 1986081247.
31, 809, 79193
List the prime factors of 61108366.
2, 11, 47, 113, 523
List the prime factors of 443650469.
5923, 74903
List the prime factors of 481737261.
3, 3079, 52153
List the prime factors of 2678577441.
3, 53, 16846399
What are the prime factors of 47464456?
2, 13, 23, 19843
What are the prime factors of 3673942?
2, 1836971
What are the prime factors of 165936694?
2, 7, 11, 17, 241, 263
List the prime factors of 1273469483.
11, 13, 181, 49201
What are the prime factors of 56926125?
3, 5, 101, 167
List the prime factors of 57811927.
19, 41, 47, 1579
List the prime factors of 3329994279.
3, 59, 83, 226669
What are the prime factors of 227684602?
2, 113842301
List the prime factors of 1105889375.
5, 1769423
What are the prime factors of 1260843903?
3, 11, 101, 126097
List the prime factors of 22618903.
43, 103, 5107
What are the prime factors of 34212248?
2, 7, 610933
What are the prime factors of 62176894?
2, 13, 113, 21163
What are the prime factors of 712820561?
712820561
What are the prime factors of 27996556?
2, 7, 691, 1447
List the prime factors of 1124419206.
2, 3, 187403201
What are the prime factors of 1551571674?
2, 3, 17, 23, 313, 2113
What are the prime factors of 27401451?
3, 7, 11, 118621
List the prime factors of 1071448614.
2, 3, 59, 97, 3467
List the prime factors of 32733737.
31, 317, 3331
List the prime factors of 616038965.
5, 139, 886387
List the prime factors of 294989216.
2, 263, 35051
What are the prime factors of 88513274?
2, 193, 229309
What are the prime factors of 1603577869?
1603577869
List the prime factors of 744948609.
3, 1777, 139739
List the prime factors of 1260426536.
2, 29, 97, 56009
What are the prime factors of 26131145?
5, 41, 3109
List the prime factors of 135008929.
11, 12273539
List the prime factors of 1752582672.
2, 3, 12170713
List the prime factors of 148457258.
2, 1657, 44797
What are the prime factors of 54210455?
5, 13, 834007
What are the prime factors of 191964239?
19, 10103381
List the prime factors of 12779641.
7, 260809
List the prime factors of 95148231.
3, 1949, 16273
What are the prime factors of 3404779385?
5, 7, 19, 5119969
List the prime factors of 108948819.
3, 7, 1499, 3461
List the prime factors of 279340630.
2, 5, 27934063
List the prime factors of 63204191.
199, 317609
What are the prime factors of 73131999?
3, 3361, 7253
What are the prime factors of 7795106044?
2, 11, 16105591
List the prime factors of 27125476.
2, 7, 167, 5801
List the prime factors of 18055720.
2, 5, 241, 1873
What are the prime factors of 2684310732?
2, 3, 139, 163, 1097
List the prime factors of 337584194.
2, 59, 2860883
What are the prime factors of 7459441350?
2, 3, 5, 283, 175723
List the prime factors of 104360733.
3, 103, 1093
What are the prime factors of 112842993?
3, 37614331
What are the prime factors of 7233916?
2, 1808479
List the prime factors of 1941562958.
2, 21283, 45613
What are the prime factors of 60891666?
2, 3, 11, 922601
List the prime factors of 816625906.
2, 17, 29, 828221
List the prime factors of 470860181.
11, 42805471
What are the prime factors of 3892427334?
2, 3, 216245963
List the prime factors of 217424014.
2, 23, 1453, 3253
List the prime factors of 79641043.
79641043
What are the prime factors of 1114193306?
2, 73, 7631461
What are the prime factors of 66602459?
7, 11, 864967
What are the prime factors of 217329840?
2, 3, 5, 7, 13, 31, 107
What are the prime factors of 493631306?
2, 7, 35259379
What are the prime factors of 6849940?
2, 5, 342497
List the prime factors of 26915929.
457, 58897
What are the prime factors of 233595658?
2, 116797829
What are the prime factors of 56525579?
11, 73, 70393
List the prime factors of 1715320131.
3, 7, 47, 67, 25939
List the prime factors of 823681075.
5, 7, 4706749
List the prime factors of 59485242.
2, 3, 151, 65657
List the prime factors of 858506775.
3, 5, 7, 269, 6079
List the prime factors of 681064.
2, 85133
What are the prime factors of 985081365?
3, 5, 727, 10037
List the prime factors of 73442218.
2, 83, 227, 1949
What are the prime factors of 772547069?
7, 23, 317, 15137
What are the prime factors of 1026854288?
2, 211, 304163
List the prime factors of 23718437.
23718437
What are the prime factors of 34675304?
2, 19, 228127
List the prime factors of 1646613838.
2, 23, 35795953
List the prime factors of 375479252.
2, 89, 1054717
List the prime factors of 1357039140.
2, 3, 5, 22617319
What are the prime factors of 474625568?
2, 1303, 11383
List the prime factors of 1194857367.
3, 11, 71, 113, 4513
What are the prime factors of 2650316?
2, 191, 3469
What are the prime factors of 838126985?
5, 2053, 81649
List the prime factors of 203759964.
2, 3, 1289, 4391
List the prime factors of 1873595839.
67, 163, 171559
What are the prime factors of 51975145?
5, 10395029
List the prime factors of 43199997.
3, 14399999
What are the prime factors of 3628971914?
2, 37, 127, 386143
What are the prime factors of 1337827687?
7, 191118241
What are the prime factors of 2019799429?
2019799429
What are the prime factors of 647079827?
19, 1847, 18439
List the prime factors of 14038929.
3, 19, 29, 149
List the prime factors of 19638608.
2, 11, 241, 463
List the prime factors of 138503325.
3, 5, 1846711
List the prime factors of 46113076.
2, 19, 199, 3049
What are the prime factors of 1518262406?
2, 759131203
List the prime factors of 254082570.
2, 3, 5, 7, 193, 6269
List the prime factors of 1904390041.
23, 467, 177301
List the prime factors of 4777758197.
479, 9974443
What are the prime factors of 731010968?
2, 91376371
What are the prime factors of 330328306?
2, 7, 11, 89, 313
List the prime factors of 47971808.
2, 19, 78901
What are the prime factors of 869671765?
5, 4003, 43451
What are the prime factors of 14712517?
19, 774343
List the prime factors of 266579170.
2, 5, 11, 13, 186419
List the prime factors of 5183682961.
19, 2221, 122839
What are the prime factors of 1238485894?
2, 173, 1877, 1907
List the prime factors of 498629185.
5, 557, 179041
List the prime factors of 911173551.
3, 8461, 35897
List the prime factors of 21222331.
13, 1632487
List the prime factors of 87674350.
2, 5, 71, 24697
List the prime factors of 1170301745.
5, 41, 53, 107713
List the prime factors of 226164774.
2, 3, 11, 41, 83579
What are the prime factors of 373437716?
2, 93359429
List the prime factors of 16245197.
823, 19739
What are the prime factors of 181251067?
1063, 170509
What are the prime factors of 177535991?
177535991
List the prime factors of 299197448.
2, 11, 3399971
List the prime factors of 698573556.
2, 3, 19404821
List the prime factors of 872711518.
2, 7, 62336537
What are the prime factors of 122926863?
3, 131, 167, 1873
List the prime factors of 324498700.
2, 5, 31, 104677
List the prime factors of 274132608.
2, 3, 19, 37573
List the prime factors of 1319821486.
2, 17, 109, 223, 1597
What are the prime factors of 457332767?
457332767
List the prime factors of 857683586.
2, 428841793
What are the prime factors of 671906587?
11, 5552947
What are the prime factors of 33621866?
2, 16810933
List the prime factors of 753617735.
5, 13, 17, 79, 89, 97
What are the prime factors of 375147932?
2, 19, 79, 62483
List the prime factors of 35136512.
2, 34313
List the prime factors of 58878043.
7, 8411149
What are the prime factors of 31422297?
3, 619, 16921
What are the prime factors of 121420747?
7, 17345821
List the prime factors of 1521490580.
2, 5, 47, 1049, 1543
What are the prime factors of 600906915?
3, 5, 7, 167, 11423
What are the prime factors of 608761964?
2, 509, 298999
What are the prime factors of 1514445645?
3, 5, 431, 433, 541
What are the prime factors of 41294745?
3, 5, 499, 613
List the prime factors of 979578604.
2, 244894651
What are the prime factors of 21243121?
19, 317, 3527
What are the prime factors of 133510058?
2, 11, 1213, 5003
List the prime factors of 6282056501.
7, 897436643
What are the prime factors of 78738533?
3923, 20071
What are the prime factors of 510259947?
3, 17, 599, 16703
List the prime factors of 24744211.
24744211
What are the prime factors of 577558642?
2,